der when 49644 is divided by 44?
12
What is the remainder when 1635 is divided by 800?
35
What is the remainder when 21352 is divided by 1524?
16
Calculate the remainder when 191150 is divided by 215.
15
What is the remainder when 90380 is divided by 24?
20
Calculate the remainder when 13294 is divided by 82.
10
Calculate the remainder when 178677 is divided by 25.
2
What is the remainder when 2965 is divided by 425?
415
What is the remainder when 1311 is divided by 61?
30
Calculate the remainder when 3858 is divided by 30.
18
Calculate the remainder when 120253 is divided by 28.
21
Calculate the remainder when 796886 is divided by 17.
11
Calculate the remainder when 51147 is divided by 203.
194
What is the remainder when 427 is divided by 48?
43
What is the remainder when 118405 is divided by 152?
149
What is the remainder when 4608 is divided by 451?
98
What is the remainder when 13767 is divided by 189?
159
What is the remainder when 9085 is divided by 267?
7
Calculate the remainder when 5294 is divided by 16.
14
Calculate the remainder when 11500 is divided by 411.
403
Calculate the remainder when 12383 is divided by 4113.
44
Calculate the remainder when 1940 is divided by 210.
50
What is the remainder when 7802 is divided by 3714?
374
What is the remainder when 6099 is divided by 5911?
188
What is the remainder when 11037 is divided by 20?
17
Calculate the remainder when 26662 is divided by 88.
86
Calculate the remainder when 10750 is divided by 269.
259
What is the remainder when 137656 is divided by 5?
1
What is the remainder when 11603 is divided by 558?
443
Calculate the remainder when 18295 is divided by 3659.
0
What is the remainder when 7831882 is divided by 17?
16
Calculate the remainder when 20078 is divided by 254.
12
Calculate the remainder when 1605 is divided by 496.
117
What is the remainder when 8934 is divided by 106?
30
What is the remainder when 847 is divided by 330?
187
Calculate the remainder when 14280 is divided by 114.
30
What is the remainder when 7790873 is divided by 125?
123
Calculate the remainder when 21816 is divided by 475.
441
Calculate the remainder when 1610567 is divided by 845.
842
What is the remainder when 1055 is divided by 223?
163
What is the remainder when 356378 is divided by 71273?
13
Calculate the remainder when 324981 is divided by 162479.
23
Calculate the remainder when 27661 is divided by 540.
121
Calculate the remainder when 4652 is divided by 898.
162
Calculate the remainder when 319902 is divided by 104.
102
Calculate the remainder when 1310 is divided by 100.
10
What is the remainder when 2309 is divided by 1084?
141
Calculate the remainder when 149634 is divided by 93.
90
What is the remainder when 5321 is divided by 54?
29
Calculate the remainder when 48626 is divided by 60.
26
What is the remainder when 53689 is divided by 17760?
409
What is the remainder when 15384 is divided by 769?
4
What is the remainder when 4962 is divided by 706?
20
What is the remainder when 17899 is divided by 416?
11
Calculate the remainder when 5973 is divided by 129.
39
What is the remainder when 17435 is divided by 221?
197
Calculate the remainder when 112686 is divided by 2167.
2
What is the remainder when 2369 is divided by 1848?
521
Calculate the remainder when 446850 is divided by 28.
26
What is the remainder when 71203 is divided by 15?
13
Calculate the remainder when 2067 is divided by 1945.
122
What is the remainder when 220 is divided by 74?
72
What is the remainder when 58967 is divided by 29373?
221
Calculate the remainder when 2723 is divided by 87.
26
Calculate the remainder when 1555242 is divided by 19.
16
Calculate the remainder when 9431 is divided by 17.
13
What is the remainder when 14226 is divided by 14165?
61
What is the remainder when 80068 is divided by 26686?
10
Calculate the remainder when 113508 is divided by 500.
8
Calculate the remainder when 50560 is divided by 178.
8
What is the remainder when 624441 is divided by 14?
13
Calculate the remainder when 46477 is divided by 15443.
148
What is the remainder when 95038 is divided by 108?
106
Calculate the remainder when 499975 is divided by 1661.
14
Calculate the remainder when 5282 is divided by 753.
11
Calculate the remainder when 13215 is divided by 27.
12
Calculate the remainder when 225916 is divided by 706.
702
Calculate the remainder when 232344 is divided by 3629.
88
What is the remainder when 2764309 is divided by 2066?
1
What is the remainder when 819739 is divided by 170?
169
Calculate the remainder when 7464694 is divided by 23.
21
Calculate the remainder when 72213 is divided by 24071.
0
Calculate the remainder when 23108 is divided by 10.
8
Calculate the remainder when 63020 is divided by 29.
3
What is the remainder when 18472 is divided by 6148?
28
What is the remainder when 16433 is divided by 2038?
129
What is the remainder when 27597 is divided by 200?
197
What is the remainder when 53979 is divided by 16?
11
What is the remainder when 18251 is divided by 44?
35
Calculate the remainder when 7126 is divided by 5827.
1299
Calculate the remainder when 3547 is divided by 52.
11
What is the remainder when 276522 is divided by 2230?
2
Calculate the remainder when 83447 is divided by 52.
39
Calculate the remainder when 48017 is divided by 47852.
165
Calculate the remainder when 170056 is divided by 603.
10
What is the remainder when 2596 is divided by 101?
71
Calculate the remainder when 5902 is divided by 259.
204
Calculate the remainder when 54594 is divided by 156.
150
What is the remainder when 14305 is divided by 4753?
46
Calculate the remainder when 31363 is divided by 23.
14
Calculate the remainder when 3765 is divided by 619.
51
What is the remainder when 30872 is divided by 15392?
88
Calculate the remainder when 89978 is divided by 9988.
86
Calculate the remainder when 9243 is divided by 776.
707
Calculate the remainder when 136776 is divided by 4883.
52
Calculate the remainder when 282140 is divided by 261.
260
Calculate the remainder when 13681 is divided by 113.
8
Calculate the remainder when 7880 is divided by 495.
455
Calculate the remainder when 24022 is divided by 24000.
22
What is the remainder when 45014 is divided by 34?
32
Calculate the remainder when 1494 is divided by 414.
252
Calculate the remainder when 11515 is divided by 255.
40
What is the remainder when 15941 is divided by 399?
380
What is the remainder when 13129873 is divided by 334?
333
What is the remainder when 1687719 is divided by 249?
246
What is the remainder when 11458 is divided by 76?
58
Calculate the remainder when 9907 is divided by 91.
79
Calculate the remainder when 146564 is divided by 1593.
8
What is the remainder when 42932 is divided by 2862?
2
What is the remainder when 100241 is divided by 23?
7
What is the remainder when 3362 is divided by 95?
37
What is the remainder when 277870 is divided by 42?
40
Calculate the remainder when 521 is divided by 435.
86
What is the remainder when 126674 is divided by 22?
20
What is the remainder when 88997 is divided by 233?
224
Calculate the remainder when 3772 is divided by 1247.
31
Calculate the remainder when 33017 is divided by 32.
25
What is the remainder when 533258 is divided by 183?
179
What is the remainder when 8740 is divided by 89?
18
What is the remainder when 12423 is divided by 962?
879
Calculate the remainder when 147021 is divided by 25.
21
Calculate the remainder when 1646 is divided by 417.
395
Calculate the remainder when 5489 is divided by 274.
9
What is the remainder when 28673 is divided by 363?
359
Calculate the remainder when 720419 is divided by 43.
40
Calculate the remainder when 3376758 is divided by 41.
39
What is the remainder when 2735 is divided by 16?
15
Calculate the remainder when 27458 is divided by 516.
110
What is the remainder when 1559287 is divided by 211?
208
What is the remainder when 58 is divided by 27?
4
Calculate the remainder when 153962 is divided by 201.
197
Calculate the remainder when 4645340 is divided by 48.
44
What is the remainder when 16013 is divided by 13?
10
Calculate the remainder when 94030 is divided by 959.
48
Calculate the remainder when 38009 is divided by 21.
20
Calculate the remainder when 2406 is divided by 9.
3
